 (3 - 0)*1/3. What is the units digit of (b + (-1)/(-5))/(87/3190)?
4
Let q(r) = -62*r + 435. What is the tens digit of q(0)?
3
Suppose 4*y - 3*n = 11825, -n - 17267 + 5448 = -4*y. What is the units digit of y?
4
Let d = 700 - -174. What is the tens digit of d?
7
Let d = -103 - -147. Let q = -31 + d. Suppose 0 = l - q + 4. What is the units digit of l?
9
Let x be 1 - 2/4 - 1040/(-32). What is the units digit of (-2154)/(-11) - (27/x - 1)?
6
Let n be 3 + (424/(-14) - 4/(-14)). Let u = 42 + n. What is the units digit of u?
5
Let c be 2*-3*2/(-6). Suppose 0 = 4*d + p - 25 + 9, 0 = -3*d - p + 11. Suppose -f = 2*k - 21, 105 = c*f + 3*f + d*k. What is the units digit of f?
1
Let w(o) = 8*o**2 - 8*o**2 + 3*o**2 - 8*o**3 + o. What is the units digit of w(-2)?
4
Let y(u) = 14*u - 1. Let p(r) = -70*r + 4. Let j(h) = 3*p(h) + 14*y(h). What is the tens digit of j(-2)?
2
Let m(y) = -y - 62. Let h(x) = x + 62. Let r(j) = -2*h(j) - 3*m(j). Let b be r(0). What is the tens digit of b + (-2 - (-1 + 2))?
5
Let o(w) = w**3 + 14*w**2 + 4*w - 18. Suppose -5*k - 11 = 54. Let c be o(k). Suppose j = -2*j + c. What is the units digit of j?
3
Suppose -2*n + 2851 = 3*u - 610, n - 1 = 0. What is the units digit of u?
3
Let k(f) be the third derivative of 10*f**2 + 0*f - 11/6*f**3 + 0 - 1/12*f**4. What is the units digit of k(-8)?
5
Let d = 11 + -20. Let n(f) = 3*f**3 + 11*f**2 + 2*f - 9. Let t(h) = h**3 + h**2 + h - 1. Let u(g) = -n(g) + 2*t(g). What is the units digit of u(d)?
7
Let q = 216 - 130. What is the tens digit of q?
8
Suppose -o + 0 = -2. Suppose b - 13 = -4*p, -o*p + b + 2*b + 17 = 0. Suppose 2*m + p*d = -d + 118, 3*m + 5*d = 172. What is the units digit of m?
4
Let a(s) = 49*s**2 + s - 6. What is the units digit of a(3)?
8
Let p be -1 + (-44 - -1) - 4/2. Let b = p - -53. What is the units digit of b?
7
Let f = -49 - -49. What is the hundreds digit of f + 0/(-1) + (-354)/(-3)?
1
Suppose -2*d + 7*d = 0. Let l(t) = -t**2 + 154. What is the tens digit of l(d)?
5
Suppose 45*o - 70 = 43*o. What is the tens digit of o?
3
Let b(w) = w**2 - 3*w + 1. Let z be b(4). Let g(x) = 6*x + 3 - 17*x + 6*x**2 - 2*x**2. What is the tens digit of g(z)?
4
Suppose 2*p - p + k - 6 = 0, 3*p + 2*k = 17. Let x(n) = n**3 - 2*n**2 - 4. Let q be x(p). Suppose 4*w - 21 = q. What is the tens digit of w?
2
Let i(o) = -2*o**2 + 19*o + 16. Let r(a) = a**2 - 19*a - 17. Let z(l) = 2*i(l) + 3*r(l). What is the units digit of z(-12)?
5
Suppose -5*c - 34 = -f, -f - 2*c - 2 = -1. Let v be 52/f - (-8)/36. Suppose l - v = 5. What is the tens digit of l?
1
Suppose 715 = x + 4*o - 358, -2*x + 4*o = -2146. What is the tens digit of x?
7
Suppose k + x - 101 = -2*x, 5*k + 4*x = 483. What is the tens digit of k?
9
What is the hundreds digit of 2238/13 - (-12)/(-78)?
1
Let l(d) = d**3 - 14*d**2 - d + 19. Let q be l(14). Suppose 213 = -2*j + q*j. What is the tens digit of j?
7
Let y be (3 - (-48)/(-15)) + 202/10. What is the units digit of 2*y/(-6)*(-6)/5?
8
Let u(m) = m**3 - 18*m**2 + 5*m + 12. Let c = 16 - -2. What is the units digit of u(c)?
2
Let a be 10/(-40) - (-9)/4. Suppose -3*q + a*q = -31. What is the units digit of q?
1
Suppose -9*i - 9*i + 72 = 0. Let w(s) = -3*s**3 - 4*s**2 - 3*s. Let k be w(-2). Let q = k + i. What is the tens digit of q?
1
Let g(o) = -o**3 - 11*o**2 - 11*o - 7. Let u be g(-10). Let i(l) = 7 + 4*l - 11*l + 6*l**2 + l**u + 5*l. What is the units digit of i(-5)?
2
What is the hundreds digit of (3 - (-5 - -2)) + 1792?
7
Suppose 9870 = 7*s - s. What is the tens digit of s?
4
Let a(d) = -d + 2. Let b(n) = -n + 1. Let h(p) = 4*a(p) - 5*b(p). Let l be h(0). Let g = 11 - l. What is the units digit of g?
8
Suppose -1443 = -8*q - 435. What is the tens digit of q?
2
Let m(s) = s**3 - 5*s**2 + 5*s. Let d be m(4). Let x = 9 - d. Suppose -x*g + 51 = -14. What is the tens digit of g?
1
Let o(t) be the first derivative of -2*t**2 + 4*t - 7. What is the tens digit of o(-8)?
3
Let y(h) be the first derivative of 2*h**3/3 + h**2/2 + 61*h + 7. What is the units digit of y(0)?
1
Suppose 3*w - 8*w + 45 = 0. Let o = -8 + 4. Let f = o + w. What is the units digit of f?
5
Suppose -2*k + 25 = -7*k. What is the tens digit of -38*(k - 12/(-4))?
7
Let x(z) = -z**3 - 2*z**2 - 6*z + 6. Let f be x(-6). Let w = f - 95. What is the units digit of w?
1
Let s(t) = 7*t - 4. Let c be s(3). Let d be 9 + (-12 - (-5 + 4)*5). Suppose 0 = x + 2*y + y - c, -x - d*y = -21. What is the tens digit of x?
2
Let o = -182 + 316. Let x = o - 74. What is the units digit of x?
0
Suppose -5*t + 40 = -60. Suppose 2*f + 2*f - t = 0. What is the units digit of f?
5
Let b = 1233 + -444. What is the units digit of b?
9
Let p(h) = h**3 + 9*h**2 - 7*h - 11. Let t be (-27)/6*(1 + 1). What is the units digit of p(t)?
2
Suppose 179*m = 163*m + 1360. What is the tens digit of m?
8
Suppose -6*o + 4155 - 1677 = 0. What is the units digit of o?
3
Suppose 2*l + 2*l = 3*m - 425, 4*m - 2*l = 580. Suppose -4*h + 53 = -m. What is the units digit of h?
0
Let x be 6 - (-2 + 3 + 0). Suppose -w + 2*w + y = 156, x*y = 4*w - 597. What is the tens digit of w/15 - 2/10?
1
Suppose 8*j - 12*j = -3824. What is the hundreds digit of j?
9
Let s be (-102)/(-18) + (-2)/3. Suppose t - s*x + 10 = 0, 5*x + 6 = -3*t + 16. Suppose t = -4*v + p + 15, -5*p = -5*v - 4*p + 20. What is the units digit of v?
5
Let i(d) = d**3 - 9*d**2 - 12*d + 2. Let s be i(10). Let k = 34 + -68. Let r = s - k. What is the tens digit of r?
1
Suppose -5 = 4*l + 27. Let a(x) = -9*x - 4. What is the units digit of a(l)?
8
Let h be 16/48*0/1. Suppose 12*m - 14*m + 122 = h. What is the units digit of m?
1
Suppose 2*y - 3*c - 1 = 81, -4*y = -2*c - 148. What is the tens digit of y?
3
Let j be (-12)/(-8)*2 - -2. Suppose -v - 2*n + 12 = 0, 0 = 4*v - n - n - 88. Suppose j*s - v - 15 = h, 0 = 5*h. What is the units digit of s?
7
What is the tens digit of 40/(30/6) + -12 - -3065?
6
Suppose -2*m = -2*m - m. Suppose g - 103 + 18 = m. What is the tens digit of g?
8
Let i be -32*(15/(-20) - 0). Suppose -18*c - 672 = -i*c. What is the units digit of c?
2
Let i(a) = 3*a**3 - 11*a**2 + 33*a - 8. Let l(y) = y**3 + y. Let k(r) = -i(r) + 4*l(r). What is the units digit of k(-13)?
7
Let d = -2 + 351. What is the hundreds digit of d?
3
Let d(z) be the first derivative of -5*z**2/2 - 15*z + 3. What is the units digit of d(-12)?
5
Let v be (-4)/6*21/4*-14. Let l = v - 14. What is the tens digit of l?
3
Suppose -4*k = -k - 15. Suppose k*o + 0*o = 220. What is the tens digit of o?
4
Suppose -n = -2*n - 4*x + 11, 0 = 5*n + 4*x - 23. Suppose 3*f = -0*f + n*g + 105, 70 = 2*f + 2*g. What is the tens digit of f?
3
Suppose 20*n + 2800 = 42100. What is the tens digit of n?
6
Let g(d) = 4*d - 1 - 13*d + 20 - 47. What is the units digit of g(-6)?
6
Let r(t) = t**3 + 7*t**2 + 6*t - 4. Let l be r(-6). Let s = l - -8. Suppose -2*q = -o - 111, -s*q + 52 + 167 = -o. What is the tens digit of q?
5
Let m(k) = k**3 + 21*k**2 + k - 66. What is the tens digit of m(-19)?
3
Suppose -3*v - 2*r + 1560 = -r, 0 = -2*v + 2*r + 1040. Suppose 0 = -12*x + 7*x + v. What is the tens digit of x?
0
Let v be (-30)/7*((2 - 4) + -19). What is the units digit of (-2)/(-1) + 3 + v?
5
Suppose 3*r - u - 4795 = 0, 0 = 38*u - 41*u - 3. What is the tens digit of r?
9
Let o = -1706 + 3712. What is the thousands digit of o?
2
Let u(n) = 40*n**2 + n + 4. What is the hundreds digit of u(-2)?
1
What is the hundreds digit of (54/7)/((45/350)/9)?
5
Suppose -8*z + 7*z = 1. What is the units digit of ((-89)/2)/(z/2)?
9
Suppose v = -4*i - 5, i + v = -1 + 2. What is the tens digit of -3 - (2 + i - 74)?
7
Suppose 0 = a + a. Suppose 5*o - x = o, 4*o - 5*x = a. What is the units digit of 26 + o/(1 + -3)?
6
Suppose -5*d - 380 = -2*b, 2*d + d - 5*b + 209 = 0. Let t = -39 - d. What is the units digit of t?
9
Let y(u) = -u**2 + 9*u - 11. Let n be y(8). Let s(a) = -3*a**2 - 5*a + 2. Let g be s(n). Let p = g - -47. What is the units digit of p?
7
Suppose 5*m + 26 = 3*o, 0 = o + o - m - 8. Let w be ((-2)/(-4))/(o/88). Let j = -9 + w. What is the units digit of j?
3
Let y(m) = m - 1 - 45*m**3 + 23*m**3 + 2. Let o be y(-1). Let q = 39 - o. What is the tens digit of q?
1
Suppose 741 = -9*l + 3540. What is the hundreds digit of l?
3
Suppose -14*p + 8*p + 2898 = 0. What is the tens di